{"id":16,"date":"2024-03-06T10:11:02","date_gmt":"2024-03-06T10:11:02","guid":{"rendered":"http:\/\/gursumetalserpantin.com\/?page_id=16"},"modified":"2024-03-20T06:52:25","modified_gmt":"2024-03-20T06:52:25","slug":"urunler","status":"publish","type":"page","link":"https:\/\/gursumetalserpantin.com\/?page_id=16","title":{"rendered":"\u00dcR\u00dcNLER"},"content":{"rendered":"\n<div class=\"wp-block-group has-global-padding is-layout-constrained wp-block-group-is-layout-constrained\">\n<div class=\"wp-block-columns is-layout-flex wp-container-core-columns-is-layout-28f84493 wp-block-columns-is-layout-flex\">\n<div class=\"wp-block-column is-layout-flow wp-block-column-is-layout-flow\">\n<div class=\"wp-block-columns is-layout-flex wp-container-core-columns-is-layout-28f84493 wp-block-columns-is-layout-flex\">\n<div class=\"wp-block-column is-layout-flow wp-block-column-is-layout-flow\" style=\"flex-basis:100%\"><\/div>\n<\/div>\n<\/div>\n\n\n\n<div class=\"wp-block-column is-layout-flow wp-block-column-is-layout-flow\"><\/div>\n\n\n\n<div class=\"wp-block-column is-layout-flow wp-block-column-is-layout-flow\"><\/div>\n<\/div>\n<\/div>\n\n\n\n<div class=\"wp-block-group alignwide has-contrast-2-color has-text-color has-link-color wp-elements-bc1352da33827b9856179b82ad5a28a4 is-horizontal is-content-justification-left is-layout-flex wp-container-core-group-is-layout-43bc8d3f wp-block-group-is-layout-flex\" style=\"border-style:none;border-width:0px;border-radius:0px;min-height:0px\">\n<div class=\"wp-block-columns alignwide are-vertically-aligned-top has-small-font-size wp-container-content-9cfa9a5a is-layout-flex wp-container-core-columns-is-layout-20bb992b wp-block-columns-is-layout-flex\" style=\"margin-top:0;margin-bottom:0;padding-top:0;padding-right:0;padding-bottom:0;padding-left:0\">\n<div class=\"wp-block-column is-layout-flow wp-block-column-is-layout-flow\" style=\"flex-basis:50%\">\n<div class=\"wp-block-cover aligncenter\" style=\"min-height:490px;aspect-ratio:unset;\"><span aria-hidden=\"true\" class=\"wp-block-cover__background has-background-dim\"><\/span><img loading=\"lazy\" decoding=\"async\" width=\"1024\" height=\"502\" class=\"wp-block-cover__image-background wp-image-243\" alt=\"\" src=\"https:\/\/gursumetalserpantin.com\/wp-content\/uploads\/2024\/03\/as23-3-scaled-e1709901153523-1024x502.jpeg\" data-object-fit=\"cover\" srcset=\"https:\/\/gursumetalserpantin.com\/wp-content\/uploads\/2024\/03\/as23-3-scaled-e1709901153523-1024x502.jpeg 1024w, https:\/\/gursumetalserpantin.com\/wp-content\/uploads\/2024\/03\/as23-3-scaled-e1709901153523-300x147.jpeg 300w, https:\/\/gursumetalserpantin.com\/wp-content\/uploads\/2024\/03\/as23-3-scaled-e1709901153523-768x377.jpeg 768w, https:\/\/gursumetalserpantin.com\/wp-content\/uploads\/2024\/03\/as23-3-scaled-e1709901153523-1536x754.jpeg 1536w, https:\/\/gursumetalserpantin.com\/wp-content\/uploads\/2024\/03\/as23-3-scaled-e1709901153523.jpeg 1920w\" sizes=\"auto, (max-width: 1024px) 100vw, 1024px\" \/><div class=\"wp-block-cover__inner-container is-layout-flow wp-block-cover-is-layout-flow\">\n<p class=\"has-text-align-center has-large-font-size\"><\/p>\n<\/div><\/div>\n<\/div>\n\n\n\n<div class=\"wp-block-column is-layout-flow wp-block-column-is-layout-flow\" style=\"flex-basis:80%\">\n<p class=\"has-large-font-size\">*  Serpantin Nedir ? <\/p>\n\n\n\n<p>Serpantin yal\u0131t\u0131m\u0131, genellikle borular\u0131n d\u0131\u015f y\u00fczeyine uygulanan bir yal\u0131t\u0131m malzemesidir. Bu malzeme, genellikle mineral liflerden yap\u0131lm\u0131\u015ft\u0131r ve borular\u0131n etraf\u0131n\u0131 saran bir katman olu\u015fturarak \u0131s\u0131 transferini azalt\u0131r. Serpantin yal\u0131t\u0131m\u0131, borunun i\u00e7inden ge\u00e7en s\u0131cak veya so\u011fuk ak\u0131\u015fkan\u0131n d\u0131\u015f ortama s\u0131zmas\u0131n\u0131 \u00f6nler ve b\u00f6ylece enerji verimlili\u011fini art\u0131r\u0131r.<\/p>\n\n\n\n<p>Serpantin yal\u0131t\u0131m\u0131, \u00e7e\u015fitli end\u00fcstriyel ve evsel uygulamalarda yayg\u0131n olarak kullan\u0131lmaktad\u0131r. \u00d6rne\u011fin, s\u0131cak su borular\u0131, buhar borular\u0131, so\u011futma sistemleri ve iklimlendirme sistemleri gibi tesisatlar\u0131n yal\u0131t\u0131m\u0131nda s\u0131k\u00e7a kullan\u0131l\u0131r. Ayr\u0131ca, petrol rafinerileri, kimya tesisleri, enerji santralleri ve bina in\u015faat\u0131 gibi bir\u00e7ok end\u00fcstriyel alanda da serpantin yal\u0131t\u0131m\u0131 tercih edilir.<\/p>\n\n\n\n<p>Serpantin yal\u0131t\u0131m\u0131n\u0131n sa\u011flad\u0131\u011f\u0131 faydalar aras\u0131nda enerji tasarrufu, \u00e7evresel koruma, ses yal\u0131t\u0131m\u0131 ve yang\u0131na dayan\u0131kl\u0131l\u0131k yer al\u0131r. Bu \u00f6zellikler, serpantin yal\u0131t\u0131m\u0131n\u0131n \u00e7e\u015fitli end\u00fcstriyel ve evsel uygulamalarda tercih edilmesini sa\u011flar.<\/p>\n\n\n\n<p>Ek olarak, serpantin yal\u0131t\u0131m\u0131 \u00e7e\u015fitli kal\u0131nl\u0131klarda ve formlarda bulunabilir. Borular\u0131n \u00e7ap\u0131na ve kullan\u0131m amac\u0131na ba\u011fl\u0131 olarak farkl\u0131 kal\u0131nl\u0131klarda serpantin yal\u0131t\u0131m\u0131 se\u00e7ilebilir. Ayr\u0131ca, serpantin yal\u0131t\u0131m\u0131, borular\u0131n d\u0131\u015f y\u00fczeyine kolayca uygulanabilen esnek bir malzemedir, bu da kurulumunu kolayla\u015ft\u0131r\u0131r ve \u00e7e\u015fitli \u015fekillerdeki borulara uygulanabilir.<\/p>\n<\/div>\n<\/div>\n\n\n\n<p><\/p>\n<\/div>\n\n\n\n<div class=\"wp-block-group alignwide has-global-padding is-layout-constrained wp-block-group-is-layout-constrained\">\n<div class=\"wp-block-columns alignwide are-vertically-aligned-center is-layout-flex wp-container-core-columns-is-layout-28f84493 wp-block-columns-is-layout-flex\">\n<div class=\"wp-block-column is-vertically-aligned-center is-layout-flow wp-block-column-is-layout-flow\">\n<div class=\"wp-block-cover\"><span aria-hidden=\"true\" class=\"wp-block-cover__background has-background-dim\"><\/span><img loading=\"lazy\" decoding=\"async\" width=\"768\" height=\"1024\" class=\"wp-block-cover__image-background wp-image-266\" alt=\"\" src=\"https:\/\/gursumetalserpantin.com\/wp-content\/uploads\/2024\/03\/WhatsApp-Image-2024-03-08-at-15.17.41-1-768x1024.jpeg\" data-object-fit=\"cover\" srcset=\"https:\/\/gursumetalserpantin.com\/wp-content\/uploads\/2024\/03\/WhatsApp-Image-2024-03-08-at-15.17.41-1-768x1024.jpeg 768w, https:\/\/gursumetalserpantin.com\/wp-content\/uploads\/2024\/03\/WhatsApp-Image-2024-03-08-at-15.17.41-1-225x300.jpeg 225w, https:\/\/gursumetalserpantin.com\/wp-content\/uploads\/2024\/03\/WhatsApp-Image-2024-03-08-at-15.17.41-1-1152x1536.jpeg 1152w, https:\/\/gursumetalserpantin.com\/wp-content\/uploads\/2024\/03\/WhatsApp-Image-2024-03-08-at-15.17.41-1.jpeg 1536w\" sizes=\"auto, (max-width: 768px) 100vw, 768px\" \/><div class=\"wp-block-cover__inner-container is-layout-flow wp-block-cover-is-layout-flow\">\n<p class=\"has-text-align-center\">Rezistans<\/p>\n<\/div><\/div>\n<\/div>\n\n\n\n<div class=\"wp-block-column is-vertically-aligned-center is-layout-flow wp-block-column-is-layout-flow\">\n<div class=\"wp-block-cover\"><span aria-hidden=\"true\" class=\"wp-block-cover__background has-background-dim\"><\/span><img loading=\"lazy\" decoding=\"async\" width=\"523\" height=\"269\" class=\"wp-block-cover__image-background wp-image-233\" alt=\"\" src=\"https:\/\/gursumetalserpantin.com\/wp-content\/uploads\/2024\/03\/123-6-e1709900129277.jpg\" data-object-fit=\"cover\" srcset=\"https:\/\/gursumetalserpantin.com\/wp-content\/uploads\/2024\/03\/123-6-e1709900129277.jpg 523w, https:\/\/gursumetalserpantin.com\/wp-content\/uploads\/2024\/03\/123-6-e1709900129277-300x154.jpg 300w\" sizes=\"auto, (max-width: 523px) 100vw, 523px\" \/><div class=\"wp-block-cover__inner-container is-layout-flow wp-block-cover-is-layout-flow\">\n<p class=\"has-text-align-center\">DKP Siyah<\/p>\n<\/div><\/div>\n<\/div>\n\n\n\n<div class=\"wp-block-column is-vertically-aligned-center is-layout-flow wp-block-column-is-layout-flow\">\n<div class=\"wp-block-cover\"><span aria-hidden=\"true\" class=\"wp-block-cover__background has-background-dim\"><\/span><img loading=\"lazy\" decoding=\"async\" width=\"576\" height=\"1024\" class=\"wp-block-cover__image-background wp-image-187\" alt=\"\" src=\"https:\/\/gursumetalserpantin.com\/wp-content\/uploads\/2024\/03\/23244-1.jpg\" data-object-fit=\"cover\" srcset=\"https:\/\/gursumetalserpantin.com\/wp-content\/uploads\/2024\/03\/23244-1.jpg 576w, https:\/\/gursumetalserpantin.com\/wp-content\/uploads\/2024\/03\/23244-1-169x300.jpg 169w\" sizes=\"auto, (max-width: 576px) 100vw, 576px\" \/><div class=\"wp-block-cover__inner-container is-layout-flow wp-block-cover-is-layout-flow\">\n<p class=\"has-text-align-center\">Bo\u015f Rezistans <\/p>\n<\/div><\/div>\n<\/div>\n<\/div>\n<\/div>\n\n\n\n<div class=\"wp-block-columns alignwide is-layout-flex wp-container-core-columns-is-layout-28f84493 wp-block-columns-is-layout-flex\">\n<div class=\"wp-block-column is-layout-flow wp-block-column-is-layout-flow\">\n<div class=\"wp-block-cover\"><span aria-hidden=\"true\" class=\"wp-block-cover__background has-background-dim\"><\/span><img loading=\"lazy\" decoding=\"async\" width=\"1024\" height=\"766\" class=\"wp-block-cover__image-background wp-image-45\" alt=\"\" src=\"https:\/\/gursumetalserpantin.com\/wp-content\/uploads\/2024\/03\/WhatsApp-Image-2024-03-06-at-12.50.01-1024x766.jpeg\" data-object-fit=\"cover\" srcset=\"https:\/\/gursumetalserpantin.com\/wp-content\/uploads\/2024\/03\/WhatsApp-Image-2024-03-06-at-12.50.01-1024x766.jpeg 1024w, https:\/\/gursumetalserpantin.com\/wp-content\/uploads\/2024\/03\/WhatsApp-Image-2024-03-06-at-12.50.01-300x224.jpeg 300w, https:\/\/gursumetalserpantin.com\/wp-content\/uploads\/2024\/03\/WhatsApp-Image-2024-03-06-at-12.50.01-768x574.jpeg 768w, https:\/\/gursumetalserpantin.com\/wp-content\/uploads\/2024\/03\/WhatsApp-Image-2024-03-06-at-12.50.01-1536x1149.jpeg 1536w, https:\/\/gursumetalserpantin.com\/wp-content\/uploads\/2024\/03\/WhatsApp-Image-2024-03-06-at-12.50.01-2048x1532.jpeg 2048w\" sizes=\"auto, (max-width: 1024px) 100vw, 1024px\" \/><div class=\"wp-block-cover__inner-container is-layout-flow wp-block-cover-is-layout-flow\">\n<p class=\"has-text-align-center\">Galvanizli<\/p>\n<\/div><\/div>\n<\/div>\n\n\n\n<div class=\"wp-block-column is-layout-flow wp-block-column-is-layout-flow\">\n<div class=\"wp-block-cover\"><span aria-hidden=\"true\" class=\"wp-block-cover__background has-background-dim\"><\/span><img loading=\"lazy\" decoding=\"async\" width=\"768\" height=\"1024\" class=\"wp-block-cover__image-background wp-image-188\" alt=\"\" src=\"https:\/\/gursumetalserpantin.com\/wp-content\/uploads\/2024\/03\/as23-1-768x1024.jpeg\" data-object-fit=\"cover\" srcset=\"https:\/\/gursumetalserpantin.com\/wp-content\/uploads\/2024\/03\/as23-1-768x1024.jpeg 768w, https:\/\/gursumetalserpantin.com\/wp-content\/uploads\/2024\/03\/as23-1-225x300.jpeg 225w, https:\/\/gursumetalserpantin.com\/wp-content\/uploads\/2024\/03\/as23-1-1152x1536.jpeg 1152w, https:\/\/gursumetalserpantin.com\/wp-content\/uploads\/2024\/03\/as23-1-1536x2048.jpeg 1536w, https:\/\/gursumetalserpantin.com\/wp-content\/uploads\/2024\/03\/as23-1-scaled.jpeg 1920w\" sizes=\"auto, (max-width: 768px) 100vw, 768px\" \/><div class=\"wp-block-cover__inner-container is-layout-flow wp-block-cover-is-layout-flow\">\n<p class=\"has-text-align-center\">Paslanmaz<\/p>\n<\/div><\/div>\n<\/div>\n\n\n\n<div class=\"wp-block-column is-layout-flow wp-block-column-is-layout-flow\">\n<div class=\"wp-block-cover\"><span aria-hidden=\"true\" class=\"wp-block-cover__background has-background-dim\"><\/span><img loading=\"lazy\" decoding=\"async\" width=\"800\" height=\"600\" class=\"wp-block-cover__image-background wp-image-132\" alt=\"\" src=\"https:\/\/gursumetalserpantin.com\/wp-content\/uploads\/2024\/03\/ana-resim-serpantin-kaplama-banyomuz-2-800-1-2.jpg\" data-object-fit=\"cover\" srcset=\"https:\/\/gursumetalserpantin.com\/wp-content\/uploads\/2024\/03\/ana-resim-serpantin-kaplama-banyomuz-2-800-1-2.jpg 800w, https:\/\/gursumetalserpantin.com\/wp-content\/uploads\/2024\/03\/ana-resim-serpantin-kaplama-banyomuz-2-800-1-2-300x225.jpg 300w, https:\/\/gursumetalserpantin.com\/wp-content\/uploads\/2024\/03\/ana-resim-serpantin-kaplama-banyomuz-2-800-1-2-768x576.jpg 768w\" sizes=\"auto, (max-width: 800px) 100vw, 800px\" \/><div class=\"wp-block-cover__inner-container is-layout-flow wp-block-cover-is-layout-flow\">\n<p class=\"has-text-align-center\">Galvaniz Kaplama<\/p>\n<\/div><\/div>\n<\/div>\n<\/div>\n","protected":false},"excerpt":{"rendered":"<p>* Serpantin Nedir ? Serpantin yal\u0131t\u0131m\u0131, genellikle borular\u0131n d\u0131\u015f y\u00fczeyine uygulanan bir yal\u0131t\u0131m malzemesidir. Bu malzeme, genellikle mineral liflerden yap\u0131lm\u0131\u015ft\u0131r ve borular\u0131n etraf\u0131n\u0131 saran bir katman olu\u015fturarak \u0131s\u0131 transferini azalt\u0131r. Serpantin yal\u0131t\u0131m\u0131, borunun i\u00e7inden ge\u00e7en s\u0131cak veya so\u011fuk ak\u0131\u015fkan\u0131n d\u0131\u015f ortama s\u0131zmas\u0131n\u0131 \u00f6nler ve b\u00f6ylece enerji verimlili\u011fini art\u0131r\u0131r. Serpantin yal\u0131t\u0131m\u0131, \u00e7e\u015fitli end\u00fcstriyel ve evsel uygulamalarda [&hellip;]<\/p>\n","protected":false},"author":1,"featured_media":0,"parent":0,"menu_order":0,"comment_status":"closed","ping_status":"closed","template":"","meta":{"_eb_attr":"","footnotes":""},"class_list":["post-16","page","type-page","status-publish","hentry"],"_links":{"self":[{"href":"https:\/\/gursumetalserpantin.com\/index.php?rest_route=\/wp\/v2\/pages\/16","targetHints":{"allow":["GET"]}}],"collection":[{"href":"https:\/\/gursumetalserpantin.com\/index.php?rest_route=\/wp\/v2\/pages"}],"about":[{"href":"https:\/\/gursumetalserpantin.com\/index.php?rest_route=\/wp\/v2\/types\/page"}],"author":[{"embeddable":true,"href":"https:\/\/gursumetalserpantin.com\/index.php?rest_route=\/wp\/v2\/users\/1"}],"replies":[{"embeddable":true,"href":"https:\/\/gursumetalserpantin.com\/index.php?rest_route=%2Fwp%2Fv2%2Fcomments&post=16"}],"version-history":[{"count":12,"href":"https:\/\/gursumetalserpantin.com\/index.php?rest_route=\/wp\/v2\/pages\/16\/revisions"}],"predecessor-version":[{"id":372,"href":"https:\/\/gursumetalserpantin.com\/index.php?rest_route=\/wp\/v2\/pages\/16\/revisions\/372"}],"wp:attachment":[{"href":"https:\/\/gursumetalserpantin.com\/index.php?rest_route=%2Fwp%2Fv2%2Fmedia&parent=16"}],"curies":[{"name":"wp","href":"https:\/\/api.w.org\/{rel}","templated":true}]}}